 7 is divided by l.
1
Let h be 2 + (3 + -1)*7. Let v = h + 23. Let y = v - 21. Calculate the remainder when 53 is divided by y.
17
Let b(l) = 2*l**2 - 52*l + 11. What is the remainder when 35 is divided by b(26)?
2
Let i be (-1 - 18/(-3)) + -1. Suppose w + 5*v + 2 = 9, -i*w - v + 9 = 0. Suppose -g = w - 4. What is the remainder when 3 is divided by g?
1
Let s be 1 - (-2 - (-4 - -2)). Let f = 3 + s. What is the remainder when f is divided by 3?
1
Let g(a) = -a + 1. Let d be g(-4). Suppose -d*r + 9 = -11. What is the remainder when 9 is divided by r?
1
Suppose -6*b + 23 + 37 = 0. Calculate the remainder when 19 is divided by b.
9
Suppose -5*v = -53 - 157. Suppose 3*r = -5*g + 38, 40 = 7*r - 3*r - 4*g. What is the remainder when v is divided by r?
9
Suppose 4*y = 4*a - 3*a + 3, 0 = -4*a + 2*y + 16. Let q = 54 + -36. Calculate the remainder when q is divided by a.
3
Let q be (6/15)/(4/20). Suppose r = q*r. Suppose -2*o = -r*o - 12. Calculate the remainder when o is divided by 3.
0
Let k(a) = 3*a**3 - 2*a**2 + 1. Let r be k(-1). Let u = -6 - r. Calculate the remainder when 0 + u + (30 - 1) is divided by 10.
7
Let v = 7 + -4. Suppose -v*h = -27 + 6. What is the remainder when 34 is divided by h?
6
Calculate the remainder when 37 is divided by 5/(-4 + 36/8).
7
Let n be 8/(-12)*18/(-4). Suppose -4*s - 5*x + 56 = -n*x, 0 = 4*x + 8. What is the remainder when 42 is divided by s?
12
Suppose -2*k + 80 = 20. Suppose -2*v + 23 = -2*i + 3*i, 3*i = -3*v + 60. Suppose -y - i = 5*x - 179, -x + k = y. What is the remainder when x is divided by 17?
16
Let c be (-6)/(-8) - 38/8. Let p = 10 + c. What is the remainder when 16 is divided by p?
4
Let v(m) = -16*m - 7. What is the remainder when v(-5) is divided by 19?
16
Let f = -11 - -24. Suppose -2*r + 85 = 5*n, -2*n + r = -3*r - 58. Let m = n - f. What is the remainder when 10 is divided by m?
4
Let s(v) = 2*v + 41. What is the remainder when 53 is divided by s(-15)?
9
Let x(z) = 6*z + 2. What is the remainder when 14 is divided by x(1)?
6
Let f(n) = n**3 + 2*n**2 - n - 1. Let w = 3 - 1. Calculate the remainder when 25 is divided by f(w).
12
Let z(w) = w + 2. What is the remainder when z(10) is divided by 8?
4
Let p = -3 + 5. Suppose 0 = -p*a - a + 18. Calculate the remainder when 17 is divided by a.
5
Suppose -95 = -4*a + 5*f, 2*a - 28 = -0*a - 4*f. Calculate the remainder when (162/(-10))/((-4)/a) is divided by 21.
18
Suppose 5*p + 16 - 1 = 0. What is the remainder when 10 is divided by (2 + p)/(1/(-4))?
2
Suppose 40*d = 37*d + 84. Calculate the remainder when d is divided by 3.
1
Let m = -14 + 11. Let n = -19 + 78. What is the remainder when n is divided by (-2)/(-3) - 58/m?
19
Let d = -21 - -35. Let l = 49 + -9. Calculate the remainder when l is divided by d.
12
Let u(t) = -t**3 - 15*t**2 + t + 17. Let h be u(-15). Let c = 19 - 12. Calculate the remainder when c is divided by 2 - 4 - (h - 7).
1
Suppose 5*s = 2*s + 42. Suppose -5*u + 34 = 3*i, 2*i = -5*u - 2*i + 32. Calculate the remainder when s is divided by u.
6
Suppose 5*b + 165 = 4*t, t + 2*b - 60 = -3*b. Calculate the remainder when 134 is divided by t.
44
Let h = 26 + -14. Calculate the remainder when 45 is divided by h.
9
Suppose l - 68 = -6*w + w, 0 = l + 2*w - 68. Suppose p = -2*p + 69. What is the remainder when l is divided by p?
22
Suppose -o + 6*o - 25 = 0. Suppose -o = -4*y + 63. Let a(q) = -5*q + 3. What is the remainder when a(-6) is divided by y?
16
Suppose 13 = -5*u - 3*p + 35, 0 = -3*u + p + 16. Suppose 2*v - n = 7, 4*n = -2*v + 6*n + 8. Calculate the remainder when u is divided by v.
2
Let j = 22 - 7. What is the remainder when 103 is divided by j?
13
Let x(w) = w**3 + w**2 - w - 2. Let m be x(2). What is the remainder when (-46)/4*(m + -10) is divided by 8?
7
Let q = 4 - 1. Suppose 2*h - 5 - q = 0. What is the remainder when 14 is divided by h?
2
Suppose 2*d + 4 = -4. Let w be (-18)/15*10/d. Suppose w*c = -2*c + 25. Calculate the remainder when 8 is divided by c.
3
Let c(g) = -g + 2. Let z be c(2). Suppose 0 = -4*k, -x + z*x + 14 = -k. Calculate the remainder when x is divided by 8.
6
What is the remainder when (-1 - 147)*(6/(-8) - 0) is divided by 39?
33
Suppose 4*b = -3*r + 244, r = -3*r. What is the remainder when b is divided by 13?
9
Let o(r) = -14*r - 10. Calculate the remainder when o(-7) is divided by 18.
16
Let c(s) = -s**3 + 2*s**2 + 4*s + 1. Let u = 12 + -9. What is the remainder when 6 is divided by c(u)?
2
Let l = -31 - -46. What is the remainder when 41 is divided by l?
11
Suppose -3*k + k + 272 = 0. Suppose 5*z - 59 = k. Calculate the remainder when z is divided by 20.
19
Let q = -62 + 70. Calculate the remainder when 18 is divided by q.
2
Suppose j + 4*j - 470 = 0. What is the remainder when j is divided by 32?
30
Suppose 13 = u - 0*u - 3*q, 4*q - 16 = -2*u. Suppose -5*z - z - 72 = 0. Let p(t) = t**2 + 13*t + 18. Calculate the remainder when u is divided by p(z).
4
Let w(q) = 10*q + 1. Let y(a) = -5*a - 1. Let n(d) = -3*w(d) - 5*y(d). Suppose 4*s + 6 = 38. Calculate the remainder when n(-4) is divided by s.
6
Suppose -4*i + 120 = 2*i. What is the remainder when i is divided by 11?
9
Suppose -1 = -3*s + 26. Suppose 3*u - 3*w = -5*w + 10, 0 = -4*u + w + 17. What is the remainder when s is divided by u?
1
Suppose 3*y + 102 = 5*y. Calculate the remainder when y is divided by 18.
15
Suppose -4*i + 11 = -41. Calculate the remainder when 37 is divided by i.
11
Let m(v) = -v**3 + 14*v**2 - 10*v - 20. Calculate the remainder when m(13) is divided by 3.
1
Let s be (1*-11)/(3 - 2). Let x = s - -22. Let l = x + -5. Calculate the remainder when 10 is divided by l.
4
Suppose -3 + 0 = -3*r. What is the remainder when 2 is divided by r?
0
Suppose -5*m + 370 - 20 = 0. What is the remainder when (-1)/3 + m/3 is divided by 6 - -3 - (-1 - 2)?
11
Let m = -2 - -40. What is the remainder when m is divided by 10?
8
Suppose -685 - 605 = 2*t. Let c = 1062 + t. What is the remainder when c/12 + 2/8 is divided by 12?
11
Suppose 5*t + 23 = 2*y, -3*y + 2*t = -y - 14. Calculate the remainder when 19 is divided by y.
3
Let f(k) = k**3 + k**2 + 2*k + 1. Calculate the remainder when 83 is divided by f(3).
40
Let f = 20 - -2. Let o = 1 + -19. Calculate the remainder when f is divided by (-16)/(-6)*o/(-4).
10
Let h be -8*4*9/(-18). Let r = h - -4. Let p = 7 + 0. What is the remainder when r is divided by p?
6
Suppose 5*m - 2*m - 57 = 0. Suppose -2*h = -45 - 67. Calculate the remainder when h is divided by m.
18
Let a(d) = -2*d - 2. What is the remainder when a(-5) is divided by 6?
2
Let c(f) = -2*f - 37. Calculate the remainder when 15 + 3*(-2)/3 is divided by c(-22).
6
Suppose 95 = 4*y - 21. Calculate the remainder when 55 is divided by y.
26
Let t = 35 + -19. Let y = 15 + 6. Let j = y + -12. What is the remainder when t is divided by j?
7
Let r(u) = u**3 - u**2 - u + 1. Let v be r(-2). Let h = v - -13. Let c(q) = q**3 - q**2 - 7*q + 6. What is the remainder when c(h) is divided by 9?
8
Calculate the remainder when (0 + -6)/(8/(-60)) is divided by 24*(10/4)/5.
9
Let a(t) be the third derivative of -7*t**4/24 - 3*t**3/2 + 2*t**2. What is the remainder when a(-6) is divided by 17?
16
Let t = 17 - -33. Calculate the remainder when 9 is divided by t/(-20)*(-1 - 1).
4
Let l(x) be the second derivative of x**4/12 - x**3/2 - x**2/2 + 2*x. What is the remainder when 34 is divided by l(5)?
7
Let i be -3*(-4 + (-14)/(-6)). Calculate the remainder when (0 - i)/(1/(-3)) is divided by 9.
6
Let l = 34 + -20. Suppose 0 = 5*k + 2*n - 13, 2*k - 2*n = l - 6. Calculate the remainder when 3 is divided by k.
0
What is the remainder when (-200)/(-6) - 9/((-135)/10) is divided by 19?
15
Let n(r) = r**3 + 6*r**2 + 6*r + 6. Suppose -4*g + 8 = -5*s, -7 + 1 = -3*g. Suppose s = -i + 1. What is the remainder when i is divided by n(-5)?
0
Let f be (6/4)/((-3)/(-30)). Suppose 5*u = -3*d + f, 4*d + u - 20 = -0*u. Let g = 0 + 14. What is the remainder when g is divided by d?
4
Suppose -3*g = f - 1, 2*g - 2*f - 7 + 1 = 0. Suppose -n + 3 = g. Suppose n*v + 2 = -p + 12, 4*v + p = 20. What is the remainder when 8 is divided by v?
3
Let y be (-4)/(-14) - (-33)/7. Suppose 164 = 4*i + 4*r, -6*i = -2*i - y*r - 173. Let m = -38 + 53. Calculate the remainder when i is divided by m.
12
Suppose -5*